ed by 136?
89
What is the remainder when 21193 is divided by 172?
37
Calculate the remainder when 33274 is divided by 94.
92
Calculate the remainder when 2414 is divided by 1202.
10
Calculate the remainder when 23712 is divided by 7.
3
Calculate the remainder when 26640 is divided by 173.
171
Calculate the remainder when 12854623 is divided by 59.
57
Calculate the remainder when 10739 is divided by 248.
75
What is the remainder when 29229 is divided by 9734?
27
What is the remainder when 358 is divided by 47?
29
Calculate the remainder when 4496 is divided by 897.
11
What is the remainder when 19447 is divided by 471?
136
What is the remainder when 5335 is divided by 15?
10
What is the remainder when 3387 is divided by 16?
11
Calculate the remainder when 5572 is divided by 120.
52
What is the remainder when 10630 is divided by 19?
9
Calculate the remainder when 6934 is divided by 2372.
2190
What is the remainder when 13996 is divided by 47?
37
What is the remainder when 280382 is divided by 70093?
10
What is the remainder when 12594 is divided by 40?
34
Calculate the remainder when 16127 is divided by 63.
62
Calculate the remainder when 8735 is divided by 787.
78
What is the remainder when 133276 is divided by 16659?
4
Calculate the remainder when 16263 is divided by 62.
19
Calculate the remainder when 9503 is divided by 451.
32
Calculate the remainder when 2869 is divided by 406.
27
What is the remainder when 26255 is divided by 341?
339
Calculate the remainder when 6624 is divided by 27.
9
What is the remainder when 1554 is divided by 2?
0
Calculate the remainder when 12502 is divided by 6115.
272
Calculate the remainder when 763 is divided by 14.
7
What is the remainder when 17223 is divided by 18?
15
What is the remainder when 747966 is divided by 8?
6
Calculate the remainder when 3377 is divided by 807.
149
What is the remainder when 25507 is divided by 22?
9
What is the remainder when 96157 is divided by 96143?
14
What is the remainder when 596878 is divided by 10?
8
What is the remainder when 91410 is divided by 22851?
6
Calculate the remainder when 1801 is divided by 164.
161
Calculate the remainder when 11662 is divided by 375.
37
What is the remainder when 4168 is divided by 178?
74
What is the remainder when 191798 is divided by 469?
446
Calculate the remainder when 7879 is divided by 71.
69
What is the remainder when 19716 is divided by 41?
36
What is the remainder when 28144 is divided by 1340?
4
Calculate the remainder when 271378 is divided by 439.
76
What is the remainder when 2059 is divided by 55?
24
What is the remainder when 87015 is divided by 292?
291
Calculate the remainder when 75030 is divided by 884.
774
What is the remainder when 262994 is divided by 16436?
18
What is the remainder when 204159 is divided by 65?
59
Calculate the remainder when 1796 is divided by 282.
104
What is the remainder when 5411 is divided by 73?
9
Calculate the remainder when 1415 is divided by 414.
173
Calculate the remainder when 14092 is divided by 14091.
1
What is the remainder when 617415 is divided by 509?
507
What is the remainder when 809 is divided by 478?
331
What is the remainder when 281612 is divided by 151?
148
Calculate the remainder when 2355 is divided by 65.
15
Calculate the remainder when 540645 is divided by 9.
6
Calculate the remainder when 993621 is divided by 24.
21
What is the remainder when 1847537 is divided by 51?
11
What is the remainder when 14940 is divided by 33?
24
What is the remainder when 294387 is divided by 14?
9
Calculate the remainder when 15927 is divided by 7944.
39
What is the remainder when 64219 is divided by 13?
12
Calculate the remainder when 10637 is divided by 40.
37
Calculate the remainder when 61568 is divided by 52.
0
Calculate the remainder when 3642 is divided by 520.
2
What is the remainder when 22989 is divided by 11320?
349
What is the remainder when 23385 is divided by 7?
5
What is the remainder when 5163 is divided by 2443?
277
What is the remainder when 11839 is divided by 204?
7
Calculate the remainder when 28486 is divided by 28467.
19
Calculate the remainder when 684 is divided by 219.
27
What is the remainder when 28525 is divided by 1430?
1355
Calculate the remainder when 1509 is divided by 718.
73
Calculate the remainder when 68079 is divided by 43.
10
Calculate the remainder when 2049 is divided by 255.
9
What is the remainder when 169887 is divided by 10?
7
Calculate the remainder when 839292 is divided by 91.
90
Calculate the remainder when 733852 is divided by 14677.
2
What is the remainder when 4279 is divided by 532?
23
Calculate the remainder when 125077 is divided by 162.
13
What is the remainder when 251962 is divided by 1440?
1402
What is the remainder when 6729 is divided by 226?
175
What is the remainder when 4119 is divided by 202?
79
Calculate the remainder when 10048 is divided by 485.
348
Calculate the remainder when 1095 is divided by 546.
3
What is the remainder when 6798 is divided by 39?
12
Calculate the remainder when 83363 is divided by 3334.
13
Calculate the remainder when 10057 is divided by 2512.
9
Calculate the remainder when 3758 is divided by 1108.
434
Calculate the remainder when 265554 is divided by 46.
42
Calculate the remainder when 5358 is divided by 2673.
12
Calculate the remainder when 12650 is divided by 972.
14
Calculate the remainder when 527465 is divided by 105490.
15
What is the remainder when 407327 is divided by 8?
7
What is the remainder when 119699 is divided by 18?
17
Calculate the remainder when 4959 is divided by 152.
95
Calculate the remainder when 191284 is divided by 47808.
52
What is the remainder when 203644 is divided by 818?
780
Calculate the remainder when 30550 is divided by 10160.
70
Calculate the remainder when 888889 is divided by 35.
29
What is the remainder when 95901 is divided by 148?
145
What is the remainder when 5468 is divided by 495?
23
What is the remainder when 98393 is divided by 17?
14
What is the remainder when 831 is divided by 732?
99
What is the remainder when 1587 is divided by 51?
6
Calculate the remainder when 336245 is divided by 88.
85
What is the remainder when 1550 is divided by 261?
245
Calculate the remainder when 1382 is divided by 480.
422
Calculate the remainder when 1495 is divided by 1472.
23
What is the remainder when 1363997 is divided by 160?
157
Calculate the remainder when 4086616 is divided by 347.
344
What is the remainder when 18993 is divided by 260?
13
Calculate the remainder when 2615 is divided by 56.
39
Calculate the remainder when 26470 is divided by 2939.
19
Calculate the remainder when 7781 is divided by 177.
170
Calculate the remainder when 247607 is divided by 4585.
17
Calculate the remainder when 18556 is divided by 255.
196
What is the remainder when 2336 is divided by 769?
29
Calculate the remainder when 23293 is divided by 274.
3
What is the remainder when 564885 is divided by 368?
5
Calculate the remainder when 25758 is divided by 3674.
40
What is the remainder when 3825 is divided by 38?
25
What is the remainder when 4871 is divided by 124?
35
What is the remainder when 4139 is divided by 27?
8
What is the remainder when 8212 is divided by 6?
4
Calculate the remainder when 2359 is divided by 117.
19
Calculate the remainder when 136942 is divided by 144.
142
What is the remainder when 3981619 is divided by 133?
131
What is the remainder when 3857800 is divided by 12?
4
What is the remainder when 6425 is divided by 203?
132
What is the remainder when 19613 is divided by 46?
17
What is the remainder when 991259 is divided by 10?
9
Calculate the remainder when 179690 is divided by 538.
536
Calculate the remainder when 49098 is divided by 9817.
13
What is the remainder when 1271570 is divided by 129?
17
What is the remainder when 29565 is divided by 3?
0
Calculate the remainder when 2840 is divided by 292.
212
Calculate the remainder when 10241 is divided by 3377.
110
Calculate the remainder when 88282 is divided by 238.
222
Calculate the remainder when 3062 is divided by 112.
38
Calculate the remainder when 4785 is divided by 58.
29
Calculate the remainder when 285349 is divided by 439.
438
Calculate the remainder when 12372 is divided by 151.
141
Calculate the rema